[INFO] cloning repository https://github.com/bradacina/rust-irc-raw
[INFO] running `Command { std: "git" "-c" "credential.helper=" "-c" "credential.helper=/workspace/cargo-home/bin/git-credential-null" "clone" "--bare" "https://github.com/bradacina/rust-irc-raw" "/workspace/cache/git-repos/https%3A%2F%2Fgithub.com%2Fbradacina%2Frust-irc-raw", kill_on_drop: false }`
[INFO] [stderr] Cloning into bare repository '/workspace/cache/git-repos/https%3A%2F%2Fgithub.com%2Fbradacina%2Frust-irc-raw'...
[INFO] running `Command { std: "git" "rev-parse" "HEAD", kill_on_drop: false }`
[INFO] [stdout] 64a7c84cdc2a4b9fa0d6c6a5f6d1ed2fd0b21c5e
[INFO] checking bradacina/rust-irc-raw against master#af3c6e733a40e671550e0f0f5aeecaa13772ba56 for pr-74989
[INFO] running `Command { std: "git" "clone" "/workspace/cache/git-repos/https%3A%2F%2Fgithub.com%2Fbradacina%2Frust-irc-raw" "/workspace/builds/worker-10/source", kill_on_drop: false }`
[INFO] [stderr] Cloning into '/workspace/builds/worker-10/source'...
[INFO] [stderr] done.
[INFO] validating manifest of git repo https://github.com/bradacina/rust-irc-raw on toolchain af3c6e733a40e671550e0f0f5aeecaa13772ba56
[INFO] running `Command { std: "/workspace/cargo-home/bin/cargo" "+af3c6e733a40e671550e0f0f5aeecaa13772ba56" "read-manifest" "--manifest-path" "Cargo.toml", kill_on_drop: false }`
[INFO] started tweaking git repo https://github.com/bradacina/rust-irc-raw
[INFO] finished tweaking git repo https://github.com/bradacina/rust-irc-raw
[INFO] tweaked toml for git repo https://github.com/bradacina/rust-irc-raw written to /workspace/builds/worker-10/source/Cargo.toml
[INFO] crate git repo https://github.com/bradacina/rust-irc-raw already has a lockfile, it will not be regenerated
[INFO] running `Command { std: "/workspace/cargo-home/bin/cargo" "+af3c6e733a40e671550e0f0f5aeecaa13772ba56" "fetch" "--locked" "--manifest-path" "Cargo.toml", kill_on_drop: false }`
[INFO] running `Command { std: "docker" "create" "-v" "/var/lib/crater-agent-workspace/builds/worker-10/target:/opt/rustwide/target:rw,Z" "-v" "/var/lib/crater-agent-workspace/builds/worker-10/source:/opt/rustwide/workdir:ro,Z" "-v" "/var/lib/crater-agent-workspace/cargo-home:/opt/rustwide/cargo-home:ro,Z" "-v" "/var/lib/crater-agent-workspace/rustup-home:/opt/rustwide/rustup-home:ro,Z" "-e" "SOURCE_DIR=/opt/rustwide/workdir" "-e" "CARGO_TARGET_DIR=/opt/rustwide/target" "-e" "CARGO_HOME=/opt/rustwide/cargo-home" "-e" "RUSTUP_HOME=/opt/rustwide/rustup-home" "-w" "/opt/rustwide/workdir" "-m" "1610612736" "--user" "0:0" "--network" "none" "rustops/crates-build-env@sha256:d92eaeed33fa75130ca1ee6c8a01d1ffb62bac859dfdfb3450e3e5d1c0146529" "/opt/rustwide/cargo-home/bin/cargo" "+af3c6e733a40e671550e0f0f5aeecaa13772ba56" "metadata" "--no-deps" "--format-version=1", kill_on_drop: false }`
[INFO] [stdout] 98a2af4a4e3b2bb7e8209df66eea849248ea586d173b77d3bced8ef6542cec41
[INFO] [stderr] WARNING: Your kernel does not support swap limit capabilities or the cgroup is not mounted. Memory limited without swap.
[INFO] running `Command { std: "docker" "start" "-a" "98a2af4a4e3b2bb7e8209df66eea849248ea586d173b77d3bced8ef6542cec41", kill_on_drop: false }`
[INFO] running `Command { std: "docker" "inspect" "98a2af4a4e3b2bb7e8209df66eea849248ea586d173b77d3bced8ef6542cec41", kill_on_drop: false }`
[INFO] running `Command { std: "docker" "rm" "-f" "98a2af4a4e3b2bb7e8209df66eea849248ea586d173b77d3bced8ef6542cec41", kill_on_drop: false }`
[INFO] [stdout] 98a2af4a4e3b2bb7e8209df66eea849248ea586d173b77d3bced8ef6542cec41
[INFO] running `Command { std: "docker" "create" "-v" "/var/lib/crater-agent-workspace/builds/worker-10/target:/opt/rustwide/target:rw,Z" "-v" "/var/lib/crater-agent-workspace/builds/worker-10/source:/opt/rustwide/workdir:ro,Z" "-v" "/var/lib/crater-agent-workspace/cargo-home:/opt/rustwide/cargo-home:ro,Z" "-v" "/var/lib/crater-agent-workspace/rustup-home:/opt/rustwide/rustup-home:ro,Z" "-e" "SOURCE_DIR=/opt/rustwide/workdir" "-e" "CARGO_TARGET_DIR=/opt/rustwide/target" "-e" "CARGO_INCREMENTAL=0" "-e" "RUST_BACKTRACE=full" "-e" "RUSTFLAGS=--cap-lints=forbid" "-e" "CARGO_HOME=/opt/rustwide/cargo-home" "-e" "RUSTUP_HOME=/opt/rustwide/rustup-home" "-w" "/opt/rustwide/workdir" "-m" "1610612736" "--user" "0:0" "--network" "none" "rustops/crates-build-env@sha256:d92eaeed33fa75130ca1ee6c8a01d1ffb62bac859dfdfb3450e3e5d1c0146529" "/opt/rustwide/cargo-home/bin/cargo" "+af3c6e733a40e671550e0f0f5aeecaa13772ba56" "check" "--frozen" "--all" "--all-targets" "--message-format=json", kill_on_drop: false }`
[INFO] [stdout] b8f7ce78f2779abbf36efa6ca6f8ddcae73a01a692479cd60d87a82556de431e
[INFO] [stderr] WARNING: Your kernel does not support swap limit capabilities or the cgroup is not mounted. Memory limited without swap.
[INFO] running `Command { std: "docker" "start" "-a" "b8f7ce78f2779abbf36efa6ca6f8ddcae73a01a692479cd60d87a82556de431e", kill_on_drop: false }`
[INFO] [stderr]    Compiling cc v1.0.18
[INFO] [stderr]     Checking libc v0.2.43
[INFO] [stderr]     Checking rustc-demangle v0.1.9
[INFO] [stderr]     Checking cfg-if v0.1.5
[INFO] [stderr]    Compiling proc-macro2 v0.4.13
[INFO] [stderr]    Compiling quote v0.6.6
[INFO] [stderr]    Compiling syn v0.14.8
[INFO] [stderr]    Compiling backtrace-sys v0.1.24
[INFO] [stderr]     Checking backtrace v0.3.9
[INFO] [stderr]    Compiling synstructure v0.9.0
[INFO] [stderr]    Compiling failure_derive v0.1.2
[INFO] [stderr]     Checking failure v0.1.2
[INFO] [stderr]     Checking irc-raw v0.1.0 (/opt/rustwide/workdir)
[INFO] [stdout] error[E0425]: cannot find function, tuple struct or tuple variant `SetConsoleMode` in this scope
[INFO] [stdout]    --> src/terminal/term_init.rs:110:20
[INFO] [stdout]     |
[INFO] [stdout] 110 |                 if SetConsoleMode(self.hOut, self.originalOutputMode) == FALSE {
[INFO] [stdout]     |                    ^^^^^^^^^^^^^^ not found in this scope
[INFO] [stdout] 
[INFO] [stdout] 
[INFO] [stdout] error[E0425]: cannot find function, tuple struct or tuple variant `SetConsoleMode` in this scope
[INFO] [stdout]    --> src/terminal/term_init.rs:118:20
[INFO] [stdout]     |
[INFO] [stdout] 118 |                 if SetConsoleMode(self.hIn, self.originalInputMode) == FALSE {
[INFO] [stdout]     |                    ^^^^^^^^^^^^^^ not found in this scope
[INFO] [stdout] 
[INFO] [stdout] 
[INFO] [stdout] warning: trait objects without an explicit `dyn` are deprecated
[INFO] [stdout]   --> src/connection_reader.rs:16:47
[INFO] [stdout]    |
[INFO] [stdout] 16 |     pub fn read_messages(&mut self, con: &mut Read) -> Option<Vec<String>> {
[INFO] [stdout]    |                                               ^^^^ help: use `dyn`: `dyn Read`
[INFO] [stdout]    |
[INFO] [stdout]    = note: `#[warn(bare_trait_objects)]` on by default
[INFO] [stdout] 
[INFO] [stdout] 
[INFO] [stdout] warning: trait objects without an explicit `dyn` are deprecated
[INFO] [stdout]  --> src/connection_writer.rs:3:35
[INFO] [stdout]   |
[INFO] [stdout] 3 | pub fn write_connection(con: &mut Write, write_buf: &mut String) {
[INFO] [stdout]   |                                   ^^^^^ help: use `dyn`: `dyn Write`
[INFO] [stdout] 
[INFO] [stdout] 
[INFO] [stdout] error[E0425]: cannot find function, tuple struct or tuple variant `SetConsoleMode` in this scope
[INFO] [stdout]    --> src/terminal/term_init.rs:110:20
[INFO] [stdout]     |
[INFO] [stdout] 110 |                 if SetConsoleMode(self.hOut, self.originalOutputMode) == FALSE {
[INFO] [stdout]     |                    ^^^^^^^^^^^^^^ not found in this scope
[INFO] [stdout] 
[INFO] [stdout] 
[INFO] [stdout] error[E0425]: cannot find function, tuple struct or tuple variant `SetConsoleMode` in this scope
[INFO] [stdout]    --> src/terminal/term_init.rs:118:20
[INFO] [stdout]     |
[INFO] [stdout] 118 |                 if SetConsoleMode(self.hIn, self.originalInputMode) == FALSE {
[INFO] [stdout]     |                    ^^^^^^^^^^^^^^ not found in this scope
[INFO] [stdout] 
[INFO] [stdout] 
[INFO] [stdout] warning: trait objects without an explicit `dyn` are deprecated
[INFO] [stdout]   --> src/connection_reader.rs:16:47
[INFO] [stdout]    |
[INFO] [stdout] 16 |     pub fn read_messages(&mut self, con: &mut Read) -> Option<Vec<String>> {
[INFO] [stdout]    |                                               ^^^^ help: use `dyn`: `dyn Read`
[INFO] [stdout]    |
[INFO] [stdout]    = note: `#[warn(bare_trait_objects)]` on by default
[INFO] [stdout] 
[INFO] [stdout] 
[INFO] [stdout] warning: trait objects without an explicit `dyn` are deprecated
[INFO] [stdout]  --> src/connection_writer.rs:3:35
[INFO] [stdout]   |
[INFO] [stdout] 3 | pub fn write_connection(con: &mut Write, write_buf: &mut String) {
[INFO] [stdout]   |                                   ^^^^^ help: use `dyn`: `dyn Write`
[INFO] [stdout] 
[INFO] [stdout] 
[INFO] [stdout] error[E0624]: associated function `init` is private
[INFO] [stdout]  --> src/program_lifecycle.rs:9:35
[INFO] [stdout]   |
[INFO] [stdout] 9 |         let term_init = TermInit::init();
[INFO] [stdout]   |                                   ^^^^ private associated function
[INFO] [stdout] 
[INFO] [stdout] 
[INFO] [stdout] error[E0624]: associated function `init` is private
[INFO] [stdout]  --> src/program_lifecycle.rs:9:35
[INFO] [stdout]   |
[INFO] [stdout] 9 |         let term_init = TermInit::init();
[INFO] [stdout]   |                                   ^^^^ private associated function
[INFO] [stdout] 
[INFO] [stdout] 
[INFO] [stdout] error: aborting due to 3 previous errors; 2 warnings emitted
[INFO] [stdout] 
[INFO] [stdout] 
[INFO] [stdout] Some errors have detailed explanations: E0425, E0624.
[INFO] [stdout] 
[INFO] [stdout] For more information about an error, try `rustc --explain E0425`.
[INFO] [stdout] 
[INFO] [stderr] error: could not compile `irc-raw`.
[INFO] [stderr] 
[INFO] [stderr] To learn more, run the command again with --verbose.
[INFO] [stderr] warning: build failed, waiting for other jobs to finish...
[INFO] [stdout] error: aborting due to 3 previous errors; 2 warnings emitted
[INFO] [stdout] 
[INFO] [stdout] 
[INFO] [stdout] Some errors have detailed explanations: E0425, E0624.
[INFO] [stdout] 
[INFO] [stdout] For more information about an error, try `rustc --explain E0425`.
[INFO] [stdout] 
[INFO] [stderr] error: build failed
[INFO] running `Command { std: "docker" "inspect" "b8f7ce78f2779abbf36efa6ca6f8ddcae73a01a692479cd60d87a82556de431e", kill_on_drop: false }`
[INFO] running `Command { std: "docker" "rm" "-f" "b8f7ce78f2779abbf36efa6ca6f8ddcae73a01a692479cd60d87a82556de431e", kill_on_drop: false }`
[INFO] [stdout] b8f7ce78f2779abbf36efa6ca6f8ddcae73a01a692479cd60d87a82556de431e
